ase 10, what is 38 - -2297?
2335
In base 11, what is -55 + -93?
-138
In base 3, what is 120110 + 10?
120120
In base 8, what is 166057 - -2?
166061
In base 5, what is 14 + -4310343?
-4310324
In base 14, what is 3 + -2a819?
-2a816
In base 7, what is 24412 + 1356?
26101
In base 7, what is 5120663 - 0?
5120663
In base 13, what is -883 + 12?
-871
In base 3, what is 10 - -20212122?
20212202
In base 16, what is -dd4 - -41?
-d93
In base 14, what is 3db - -497?
894
In base 14, what is -133b - 236?
-1573
In base 7, what is 3 - -10624?
10630
In base 11, what is 15a - -55?
204
In base 4, what is -30030312 - -230?
-30030022
In base 10, what is -4 - 131284?
-131288
In base 14, what is 1 - 7ca32?
-7ca31
In base 6, what is -5 + -153133?
-153142
In base 12, what is -2 + -18ab7?
-18ab9
In base 6, what is 154 + -445?
-251
In base 7, what is 44 - -33502?
33546
In base 8, what is 6 + 603562?
603570
In base 8, what is 547404 + -2?
547402
In base 5, what is -11 - 20434001?
-20434012
In base 8, what is 2 + 110561?
110563
In base 6, what is 450 - 24?
422
In base 6, what is -11000401 - 11?
-11000412
In base 15, what is b984dd + 0?
b984dd
In base 12, what is -4766 - 19?
-4783
In base 3, what is -100011 - -1012202?
212121
In base 14, what is -4 - -45db6?
45db2
In base 16, what is -9a - 1bf3?
-1c8d
In base 3, what is -22102 + -201122?
-1001001
In base 9, what is -4 + -60765?
-60770
In base 10, what is -4763 + -149?
-4912
In base 7, what is 3 + -566664?
-566661
In base 3, what is -1201111122 - 1011?
-1201112210
In base 7, what is -333011 - 5?
-333016
In base 16, what is 24012 + 0?
24012
In base 13, what is 2a + 6692?
66bc
In base 2, what is -110 + 11100000101111010?
11100000101110100
In base 5, what is 4300 - 24231?
-14431
In base 3, what is 1212210102 - -2?
1212210111
In base 11, what is -46 - -296?
250
In base 5, what is 10223 + -2414?
2304
In base 5, what is 13 + 33034442?
33040010
In base 3, what is -101 - 1112100220?
-1112101021
In base 16, what is -29e - 3?
-2a1
In base 12, what is 1292592 - 1?
1292591
In base 4, what is -13310 - 10031?
-30001
In base 12, what is 0 - -b61?
b61
In base 11, what is 7aa1 + -5?
7a97
In base 3, what is 12 - -211100012?
211100101
In base 3, what is 11112111 - 111?
11112000
In base 15, what is -1b4 - 119?
-2cd
In base 5, what is 134 - -140311?
141000
In base 5, what is 3313234443 - 0?
3313234443
In base 9, what is -321 - -521?
200
In base 11, what is -4 - 3858?
-3861
In base 10, what is 1 - -158192?
158193
In base 11, what is -65 + 2497?
2432
In base 2, what is 100001 - 100010110101111100?
-100010110101011011
In base 3, what is -21202121102 - 12?
-21202121121
In base 14, what is -2 - -2a859?
2a857
In base 5, what is -114213 - -2342?
-111321
In base 12, what is 1513 - 12?
1501
In base 16, what is 106 - 111d?
-1017
In base 9, what is -52622 + 3?
-52618
In base 15, what is -195a - b?
-1966
In base 12, what is -2a1 + -2?
-2a3
In base 5, what is 4 + -12030010?
-12030001
In base 10, what is 4 + 13309?
13313
In base 2, what is -1111 - -1100101111110?
1100101101111
In base 3, what is 2 - 111100122?
-111100120
In base 8, what is -134 + -4101?
-4235
In base 2, what is -110000010110 + 100?
-110000010010
In base 2, what is 101 + 10000110001001100101?
10000110001001101010
In base 10, what is -342017 - 1?
-342018
In base 7, what is -325034 - -30?
-325004
In base 2, what is 101 + -1010001000010010?
-1010001000001101
In base 4, what is 11 - -10323211?
10323222
In base 3, what is -2200 + 2001022?
1221122
In base 2, what is -100111100 + -110100?
-101110000
In base 4, what is 13 + -103122?
-103103
In base 16, what is -ad136 + -4?
-ad13a
In base 4, what is -2322101 - 0?
-2322101
In base 9, what is -1042712 - -6?
-1042705
In base 4, what is 1001 - 22?
313
In base 2, what is 101010010110101 + -10011?
101010010100010
In base 9, what is 1840474 + -2?
1840472
In base 9, what is 5545 + -16?
5528
In base 10, what is -18 + 291?
273
In base 14, what is 0 - -5606?
5606
In base 6, what is 101 - 24412?
-24311
In base 15, what is 3aa52 + 2?
3aa54
In base 9, what is -21615 - 5?
-21621
In base 14, what is -a - -6bc12?
6bc06
In base 16, what is 172f64 + -4?
172f60
In base 3, what is -102120 + -1200?
-111020
In base 11, what is 4 + 3109?
3112
In base 16, what is 15 - 3388?
-3373
In base 14, what is 60997 + 6?
6099d
In base 8, what is 314 - 3475?
-3161
In base 10, what is -815307 - -4?
-815303
In base 10, what is 48 + 6410?
6458
In base 3, what is 2010000022 + -1?
2010000021
In base 9, what is 1 - 16860?
-16858
In base 8, what is -112 + 4131?
4017
In base 13, what is -7 - 4ca9?
-4cb3
In base 13, what is -93 + -495?
-558
In base 15, what is -68a - -12?
-678
In base 16, what is 9c12 - 1?
9c11
In base 8, what is 2360404 + 5?
2360411
In base 6, what is -1225530 + 3?
-1225523
In base 12, what is -4 + a079?
a075
In base 2, what is 11100000110100000 + 1?
11100000110100001
In base 4, what is 23013231 - -1?
23013232
In base 8, what is -25454356 - 3?
-25454361
In base 5, what is 1 - 41123232?
-41123231
In base 11, what is -161180 + -4?
-161184
In base 10, what is -15 - -57873?
57858
In base 7, what is -1 - -335354?
335353
In base 4, what is -110 + 3232100?
3231330
In base 7, what is 0 - -20064?
20064
In base 10, what is 66 - 3242?
-3176
In base 13, what is 5c91 + 2?
5c93
In base 3, what is 1 + -20202101101?
-20202101100
In base 10, what is -1053 + -69?
-1122
In base 7, what is 54 + 6424?
6511
In base 10, what is -701 - -20?
-681
In base 5, what is -10 + 1303421?
1303411
In base 3, what is 10001022011 + 1011?
10001100022
In base 4, what is 2020022 - -332?
2021020
In base 7, what is 1 - 4535?
-4534
In base 5, what is -10013 - -4432?
-31
In base 8, what is 705 + 3333?
4240
In base 14, what is 7 + -250d52?
-250d49
In base 16, what is 2cd8 + 4?
2cdc
In base 3, what is -1111120122 + -210?
-1111121102
In base 7, what is -305 + 113?
-162
In base 15, what is -1 + -a214?
-a215
In base 12, what is a5 + -252?
-169
In base 15, what is 2 + -e01?
-dee
In base 13, what is 1 - -c507?
c508
In base 2, what is -101101 - -1000111100110100?
1000111100000111
In base 15, what is -23d - 1?
-23e
In base 11, what is -4019 - -80?
-3a49
In base 3, what is 2010 - 112111?
-110101
In base 9, what is 678506 + -1?
678505
In base 7, what is 4 + 10143462?
10143466
In base 2, what is 100110 + 111010011011011?
111010100000001
In base 9, what is 223218 - -1?
223220
In base 9, what is -20 - 45085?
-45115
In base 4, what is -113 + 111003?
110230
In base 4, what is 1333003332 + 11?
1333010003
In base 5, what is -2 - -103414?
103412
In base 3, what is -11001110 + 20211?
-10210122
In base 14, what is 9 - -3941?
394a
In base 13, what is -29 + -2174?
-21a0
In base 12, what is -664 + 2?
-662
In base 15, what is 33b47 - 0?
33b47
In base 7, what is -122523 + -234?
-123060
In base 5, what is -30221404 + -4?
-30221413
In base 5, what is 3 + 214220?
214223
In base 3, what is -21102022 - 1010?
-21110102
In base 10, what is -29 - -5432?
5403
In base 13, what is -150 + -149?
-299
In base 6, what is 2323 - 13453?
-11130
In base 11, what is -a0 + -2?
-a2
In base 13, what is 6 - 6a0c?
-6a06
In base 16, what is 585c9 - -1?
585ca
In base 7, what is -161435 - 10?
-161445
In base 2, what is -100 + 1011011011000101?
1011011011000001
In base 13, what is 1 + 203c?
2040
In base 15, what is 1 + 470?
471
In base 8, what is -30440173 + -5?
-30440200
In base 12, what is -1 + 123557?
123556
In base 14, what is bc4 + 1a?
c00
In base 10, what is -37 - 2044?
-2081
In base 3, what is -1002022000122 - 21?
-1002022000220
In base 14, what is 3 - -21794c?
217951
In base 15, what is -3260 - 30?
-3290
In base 7, what is -21 - 2330?
-2351
In base 11, what is -a3 - -24a4?
2401
In base 11, what is -aa514 - 4?
-aa518
In base 12, what is 2 + 1592?
1594
In base 11, what is 1949 - 306?
1643
In base 6, what is 12 + -1412013?
-1412001
In base 2, what is 10100010111101010 + 110?
10100010111110000
In base 4, what is -312000 + -1212?
-313212
In base 3, what is 20220010 - 11000?
20202010
In base 15, what is -7 - 54098?
-540a0
In base 11, what is 16 + 890a?
8925
In base 6, what is 40 - 100435?
-100355
In base 13, what is -278b - -75?
-2716
In base 5, what is 30 + -420?
-340
In base 11, what is -14 - -2722?
2709
In base 8, what is -1 - -456340?
456337
In base 5, what is 1 - 22